ive of k**3 - k**2/2 + 11*k. Determine j(2).
11
Suppose -y = -4*u + 8, u = 4*y - 19 + 6. Let t(a) = a**3 - 4*a**2 + 2*a - 4. What is t(u)?
-7
Suppose -2*m = 3*l - 13, 4*l + 3*m + m = 20. Suppose 0 = a + 3*a - 24. Let f = a - l. Let b(w) = w - 3. What is b(f)?
0
Let h(z) = 5 + 5*z**3 + 0 - 3 - 3. Give h(-1).
-6
Let w(c) = 5*c**3 - 2 - 5 - 3*c**2 + c**2 + 6 + 2*c. Let f(g) = g + 10. Let h be f(-9). What is w(h)?
4
Let b(t) = -2*t - 1. Suppose 3*s = 5 - 11. Calculate b(s).
3
Let m(p) be the third derivative of 0 - 1/3*p**4 + 0*p + 1/6*p**3 - p**2. Let o = -2 + 3. Give m(o).
-7
Let f(i) = 2*i + 2. Suppose 0 = -5*d - 53 + 218. Suppose 4*y + 7*z - 3*z = 4, 0 = -2*y + 5*z - d. Determine f(y).
-6
Let v(x) = -x**2 - 5*x - 1. Let n be ((-28)/6 - -4) + 26/(-6). Give v(n).
-1
Let l(c) = -3 - 2 + 11 - 2 + 5*c. Calculate l(-5).
-21
Let h(d) = 7*d**2. Let q be h(1). Let v be (3/(-2))/((-6)/16). Let p = q - v. Let i(u) = u**3 - 4*u**2 - u + 2. Calculate i(p).
-10
Suppose -6 = -2*s - 2*q, -3*s + 4 = 2*q - 4*q. Let y(n) = 2*n**2. What is y(s)?
8
Let h(n) = 2*n**2 - n + 11 - n**3 - 3*n**2 - n + 3*n. Determine h(0).
11
Let w(o) = -o + 7. Let s be w(4). Let u(d) = -2*d**3 - 5*d**2 + d + 4*d**3 - 3*d**3 + 3 + 2*d**3. Give u(s).
-12
Let n(v) = -2*v - v**2 - 3 + 4*v + 3*v - 2. Let j = 1 + 3. What is n(j)?
-1
Let d(v) = -v**3 + 4*v**2 - 2*v - 2. Let k(u) = 2*u + 30. Let j be k(-13). Determine d(j).
-10
Let i(h) = 5*h + 3. Let n = -120 + 118. What is i(n)?
-7
Let g(n) = 2*n + 2*n - 1 + 2*n**2 + 3*n**2 + 4*n**3 - 3*n**3. Determine g(-3).
5
Suppose -5*u = -u - 28. Let v = -7 + u. Suppose q - 5 = -v*q. Let k(r) = -r + 1. What is k(q)?
-4
Let h(b) = -b**2 + 2*b - 1. Suppose -p - 21 - 1 = -3*g, -2*p = -2*g + 16. Suppose 5*r = g + 8. What is h(r)?
-4
Let j(o) = -2*o - 3. Let u = 8 - 5. Suppose 2*r + u*r = 40. Suppose -5*c + r = 28. Give j(c).
5
Let r(u) = -3*u - 5. Suppose -3*m - 10 = -j, m = 2*m + 2*j + 15. Calculate r(m).
10
Let h(d) = 6*d**2 - 6*d**2 - 7*d + 0 - 4 + d**2. What is h(7)?
-4
Let s = -18 + 14. Let g(i) = i - 1. Calculate g(s).
-5
Let r be (-2)/(-11) - 240/(-11). Suppose 0 = -k + 4, 0*k - 4 = -4*q - k. Suppose q = -3*w + 4 - r. Let g(o) = o**3 + 6*o**2 + 4. Calculate g(w).
4
Suppose 25 = 4*r + 3*o, 4*r + r - 17 = o. Let g(t) = -t**3 + 3*t**2 + 5*t - 2. What is g(r)?
2
Let i(b) = -3*b + 8. Let t(p) = -1 - 1 + 1. Let f(h) = -i(h) - 6*t(h). Let s = -92 + 94. Determine f(s).
4
Let d(v) = 5*v + 4. Let l = -28 - -25. Determine d(l).
-11
Let c(f) = 6*f**2 + f + 1. Suppose 4*v + 30 = 26. What is c(v)?
6
Let r(k) = k**3 - 5*k**2 - 3*k. Let x be (-10)/20*0/(-2). Suppose 0 = 4*w - 24 - x. What is r(w)?
18
Suppose 0*v + 3*v = 0. Suppose v*h + 2*h = 60. Suppose 5*s + 8 = 5*j - 2, 3*j = -5*s + h. Let l(y) = y**3 - 4*y**2 - 3*y - 5. Determine l(j).
5
Suppose -7*m = -12*m + 20. Suppose 0*n = o + 2*n - 3, m*n = -3*o + 9. Let w(s) = -3*s - 5*s**2 + 2*s**2 - 2*s**3 + 3*s**3 + 3. Calculate w(o).
-6
Let x(n) = n. Let l(u) = -2*u - 2. Let o(z) = l(z) + 4*x(z). Give o(3).
4
Let s(h) be the second derivative of -h**6/360 + h**5/24 - h**4/6 + h**3/3 - 2*h. Let b(n) be the second derivative of s(n). Calculate b(5).
-4
Let y be -1 + (16 - (0 - -2)). Suppose 0 = -3*v + 34 - y. Let r be (-2)/7 - 33/v. Let a(z) = z + 7. Calculate a(r).
2
Suppose -k = -5*k. Let p(v) = -4*v**2 + v + 7. Let q(r) = 7*r**2 - 2*r - 14. Let a(o) = -5*p(o) - 3*q(o). What is a(k)?
7
Let u be (-36)/(6*(-2)/8). Let v = 19 - u. Let x(q) = q + 3. What is x(v)?
-2
Let m = -13 + 6. Let p = m + 9. Let x(w) = 2*w**3 - 4*w**2 + 3*w - 2. Give x(p).
4
Let n(w) = 3*w**2 - w. Let z be n(-1). Let c(f) = -f - 5. Let u(l) = 2*l + 8. Let k(t) = -8*c(t) - 5*u(t). Determine k(z).
-8
Let l = -6 + 6. Let c(m) = -m + 10. Calculate c(l).
10
Let s(k) = k**3 + 6*k**2 - 7*k + 4. Let z(j) = j**3 + 8*j**2 + 15*j + 11. Let h be z(-6). Give s(h).
4
Let j = 25 - 23. Let q(k) = k**2 - 1. What is q(j)?
3
Let b be (-2)/4 + 2/(-4). Let k(w) be the first derivative of -w - 1. Let a(i) = -2*i + 5. Let x(r) = a(r) + 4*k(r). Give x(b).
3
Let n(s) = -s**3 - 2*s**2 + 3*s + 2. Let d be -1*1*22/(-2). Suppose 4*c + 1 = -d. Give n(c).
2
Let h(y) = 33*y - 34*y + 1 + 2. Determine h(8).
-5
Let z(m) = 0*m**2 + 9*m + 2*m**2 - m - 3*m**2 - 3. Let o = 9 - 15. Let p = o + 9. Determine z(p).
12
Let v be ((-4)/6)/(4/(-102)). Suppose -5*t = 3*p - 21, p - v = -5*t - 0*p. Let f(k) = -k - 4*k + t*k - 1. Calculate f(-5).
9
Let v(i) = 2*i**2 - i - 1. Suppose 14 = -n + 3*n. Let q = n - 5. Determine v(q).
5
Let g(f) = -5*f**2 + 8*f**2 - 4*f**2 - 1 - 6*f. Let v be -2 - (5 + (1 - 2)). Determine g(v).
-1
Let u(n) = 5*n**2 + n - 2. Let g(t) = 14*t**2 + 2*t - 5. Let x(i) = -4*g(i) + 11*u(i). Calculate x(3).
-2
Let c(o) = -4*o**2 + 5*o + 5. Let j(k) be the third derivative of k**5/60 - 9*k**2. Let x(g) = -c(g) - 3*j(g). Let s = 2 - -3. What is x(s)?
-5
Let c(m) = -m**2 + 2*m + 2. Let x be c(2). Let g(p) = 2*p + 3*p**2 - 5*p + 8*p**3 - 9*p**3. Determine g(x).
-2
Let x(z) = 7*z**2 + 6*z - 1. Let t(i) = -8*i**2 - 7*i + 1. Let c(w) = 5*t(w) + 6*x(w). Let j = -6 - -7. Calculate c(j).
2
Let c(p) = -p - 1. Let u(y) = 9*y + 12. Let t(x) = 5*x + 6. Let k(m) = 7*t(m) - 4*u(m). Let g(d) = 2*c(d) - k(d). What is g(5)?
-1
Suppose 6 = 3*a + 3*u, 3*u + 0*u = -3. Suppose -14 = -5*m + 6. Let x = a - m. Let z(f) = -8*f**2 - f. What is z(x)?
-7
Let q(j) be the first derivative of 8 + 1/3*j**3 - 3*j**2 - 8*j. Calculate q(7).
-1
Let t(v) = -v + 1. Let r = 89 + -89. Give t(r).
1
Let u be (-2)/(-13) - (-296)/104. Let w be ((-2)/(-4))/(3/18). Let f(l) = -w*l**2 + 2*l**2 - l + 4 + 4*l. Determine f(u).
4
Let l(w) be the second derivative of -w**4/4 + w**2/2 - 5*w. Calculate l(2).
-11
Let j(u) = -9*u**3 + u**2 + u. Let l(k) = -2*k + 13. Let w be l(11). Let s be (-11)/9 - 2/w. What is j(s)?
9
Let z(f) = -f**2 + 5*f + 1. Let n be z(5). Let v(w) = 0*w**3 - 10*w**3 - w + 0*w**3. What is v(n)?
-11
Let x be (-1 - -4)*(-4)/(-6). Suppose 4*h - 5*m = -2*m + 1, 2*h - 2*m = 0. Let a(w) = 2*w - w**x + 0*w**2 - h - 3*w. Calculate a(-1).
-1
Let q(n) = n**3 - 3*n**2 + n + 1. Suppose -4*k + 5*u = 3, 0*k - k = 5*u - 18. Calculate q(k).
4
Let a(m) = 4*m**3 + 3*m**2 - 2*m - 4. Let d(f) = 11*f**3 + 8*f**2 - 5*f - 12. Let p(x) = 8*a(x) - 3*d(x). Give p(0).
4
Let w(s) = 2*s**3 - 6*s**2 - 5*s + 6. Let c(l) = l**3 - 3*l**2 - 2*l + 3. Let n(v) = -5*c(v) + 3*w(v). Calculate n(4).
-1
Let i(d) = d**3 - 10*d**2 + 7*d**2 + 7*d**2 - 4*d. Calculate i(-5).
-5
Suppose 0 = -2*m + 4 - 10. Let l(k) = 233*k - 3 - 464*k + 232*k. Calculate l(m).
-6
Let r(t) = 9*t**2 + 1. Let u(z) be the second derivative of -z**4/12 - 4*z**3/3 + 4*z**2 - 4*z. Let d be u(-9). Give r(d).
10
Let l be -5 - -3 - 6/(-2). Let d(c) = -9*c**2 - 4*c + l + 4*c. What is d(-1)?
-8
Suppose -3*k - 2*k + 5*n + 30 = 0, 5*n = -15. Let y(g) = -g**3 - 3 + k*g + 3*g - 5*g - 2 + g**2. Calculate y(0).
-5
Let z(b) = 4 + b**2 - b - 3*b - b + b. Calculate z(3).
1
Let l(r) = -6*r + 1. Let h(n) be the first derivative of -5*n**2/2 + n - 2. Let t(b) = -5*h(b) + 4*l(b). Calculate t(-3).
-4
Let o(h) = -8*h**2 - 29*h + 6. Let w(z) = -3*z**2 - 10*z + 2. Let t(k) = -4*o(k) + 11*w(k). Let l be 3/((-26)/(-20) - 1). Let f = -4 + l. Determine t(f).
-2
Let d(u) be the first derivative of -u**3/3 + 3*u**2 - 5*u - 8. What is d(5)?
0
Suppose -a = -2*a + 5*p + 25, 25 = 2*a - 5*p. Let v be (-2)/5 - (-54)/10. Suppose v*w - 10 = -a*w. Let k(r) = r**2 + 2*r - 1. Give k(w).
7
Let o(s) be the first derivative of s**6/360 - s**5/20 - s**4/24 - 5*s**3/3 - 4. Let k(a) be the third derivative of o(a). Determine k(6).
-1
Let y = -5 - -3. Let h(z) = -11*z**2 - 6*z + 3. Let u be (-52)/6 + 6/9. Let m(r) = -7*r**2 - 4*r + 2. Let s(v) = u*m(v) + 5*h(v). Calculate s(y).
-1
Let s(a) = 3*a + 157*a**2 - 326*a**2 - 1 + 162*a**2. Determine s(2).
-23
Let r(v) = v. Let h be r(-7). Let l(k) = -k**2 - 8*k - 3. Let z be l(h). Let g(c) = c - 4. Give g(z).
0
Suppose -6*d - 1 = -13. Let q be (0 + -2 + 2)/d. Let m(a) = a**2 + a - 4. Give m(q).
-4
Let r(d) = d - 6*d + d. Give r(5).
-20
Let g(n) = n**2 - 2*n + 1. Suppose -5*s + 13 = -2. Let r = 6 - s. Give g(r).
4
Let u(q) = q**2 - 4*q + 6. Suppose 3*s - 4*w = 34, -2*s - 2*w = -5*w - 24. Determine u(s).
18
Let u be (-2)/(-9) - 261/81. Let p(k) = -k**3 - 3*k**2 + 4*k. Determine p(u).
-